CRAN Package Check Results for Package etwfe

Last updated on 2024-06-13 06:58:00 CEST.

Flavor Version Tinstall Tcheck Ttotal Status Flags
r-devel-linux-x86_64-debian-clang 0.4.0 4.10 176.04 180.14 OK
r-devel-linux-x86_64-debian-gcc 0.4.0 3.51 67.83 71.34 ERROR
r-devel-linux-x86_64-fedora-clang 0.4.0 227.05 OK
r-devel-linux-x86_64-fedora-gcc 0.4.0 244.42 OK
r-devel-windows-x86_64 0.4.0 7.00 142.00 149.00 OK
r-patched-linux-x86_64 0.4.0 4.50 172.08 176.58 OK
r-release-linux-x86_64 0.4.0 3.90 170.73 174.63 OK
r-release-macos-arm64 0.4.0 61.00 OK
r-release-macos-x86_64 0.4.0 114.00 OK
r-release-windows-x86_64 0.4.0 7.00 154.00 161.00 OK
r-oldrel-macos-arm64 0.4.0 67.00 OK
r-oldrel-macos-x86_64 0.4.0 148.00 OK
r-oldrel-windows-x86_64 0.4.0 9.00 181.00 190.00 OK

Check Details

Version: 0.4.0
Check: package dependencies
Result: NOTE Packages suggested but not available for checking: 'did', 'gt', 'ggplot2' Flavor: r-devel-linux-x86_64-debian-gcc

Version: 0.4.0
Check: tests
Result: ERROR Running ‘tinytest.R’ [8s/11s] Running the tests in ‘tests/tinytest.R’ failed. Complete output: > > if ( requireNamespace("tinytest", quietly=TRUE) ){ + tinytest::test_package("etwfe") + } test_baker.R.................. 0 tests test_baker.R.................. 0 tests test_baker.R.................. 0 tests test_baker.R.................. 0 tests test_baker.R.................. 0 tests test_baker.R.................. 5 tests <1b>[0;32mOK<1b>[0m <1b>[0;34m10.0s<1b>[0m Error in find.package(package, lib.loc, verbose = verbose) : there is no package called 'did' Calls: <Anonymous> ... lapply -> FUN -> eval -> eval -> data -> find.package Execution halted Flavor: r-devel-linux-x86_64-debian-gcc

Version: 0.4.0
Check: re-building of vignette outputs
Result: ERROR Error(s) in re-building vignettes: ... --- re-building ‘etwfe.Rmd’ using rmarkdown Quitting from lines 114-117 [unnamed-chunk-2] (etwfe.Rmd) Error: processing vignette 'etwfe.Rmd' failed with diagnostics: there is no package called 'did' --- failed re-building ‘etwfe.Rmd’ SUMMARY: processing the following file failed: ‘etwfe.Rmd’ Error: Vignette re-building failed. Execution halted Flavor: r-devel-linux-x86_64-debian-gcc