CRAN Package Check Results for Package exif

Last updated on 2024-07-21 05:57:34 CEST.

Flavor Version Tinstall Tcheck Ttotal Status Flags
r-devel-linux-x86_64-debian-clang 0.1.0 15.40 28.31 43.71 NOTE
r-devel-linux-x86_64-debian-gcc 0.1.0 11.36 22.12 33.48 NOTE
r-devel-linux-x86_64-fedora-clang 0.1.0 77.88 NOTE
r-devel-linux-x86_64-fedora-gcc 0.1.0 73.81 NOTE
r-patched-linux-x86_64 0.1.0 19.17 26.82 45.99 NOTE
r-release-linux-x86_64 0.1.0 18.84 27.71 46.55 NOTE
r-release-macos-arm64 0.1.0 23.00 NOTE
r-release-macos-x86_64 0.1.0 40.00 NOTE
r-oldrel-macos-arm64 0.1.0 25.00 NOTE
r-oldrel-macos-x86_64 0.1.0 36.00 NOTE

Check Details

Version: 0.1.0
Check: C++ specification
Result: NOTE Specified C++11: please drop specification unless essential Flavors: r-devel-linux-x86_64-debian-clang, r-devel-linux-x86_64-debian-gcc, r-devel-linux-x86_64-fedora-clang, r-devel-linux-x86_64-fedora-gcc, r-patched-linux-x86_64, r-release-linux-x86_64, r-release-macos-arm64, r-release-macos-x86_64, r-oldrel-macos-arm64, r-oldrel-macos-x86_64

Version: 0.1.0
Check: compiled code
Result: NOTE File ‘exif/libs/exif.so’: Found no calls to: ‘R_registerRoutines’, ‘R_useDynamicSymbols’ It is good practice to register native routines and to disable symbol search. See ‘Writing portable packages’ in the ‘Writing R Extensions’ manual. Flavors: r-devel-linux-x86_64-fedora-clang, r-devel-linux-x86_64-fedora-gcc