CRAN Package Check Results for Package fBonds

Last updated on 2024-07-21 05:57:34 CEST.

Flavor Version Tinstall Tcheck Ttotal Status Flags
r-devel-linux-x86_64-debian-clang 3042.78 6.26 54.05 60.31 NOTE
r-devel-linux-x86_64-debian-gcc 3042.78 4.23 39.38 43.61 NOTE
r-devel-linux-x86_64-fedora-clang 3042.78 71.71 NOTE
r-devel-linux-x86_64-fedora-gcc 3042.78 71.38 NOTE
r-devel-windows-x86_64 3042.78 6.00 54.00 60.00 NOTE
r-patched-linux-x86_64 3042.78 6.08 50.01 56.09 NOTE
r-release-linux-x86_64 3042.78 5.09 50.53 55.62 NOTE
r-release-macos-arm64 3042.78 24.00 NOTE
r-release-macos-x86_64 3042.78 41.00 NOTE
r-release-windows-x86_64 3042.78 6.00 54.00 60.00 NOTE
r-oldrel-macos-arm64 3042.78 25.00 NOTE
r-oldrel-macos-x86_64 3042.78 37.00 NOTE
r-oldrel-windows-x86_64 3042.78 6.00 64.00 70.00 NOTE

Check Details

Version: 3042.78
Check: LazyData
Result: NOTE 'LazyData' is specified without a 'data' directory Flavors: r-devel-linux-x86_64-debian-clang, r-devel-linux-x86_64-debian-gcc, r-devel-linux-x86_64-fedora-clang, r-devel-linux-x86_64-fedora-gcc, r-devel-windows-x86_64, r-patched-linux-x86_64, r-release-linux-x86_64, r-release-macos-arm64, r-release-macos-x86_64, r-release-windows-x86_64, r-oldrel-macos-arm64, r-oldrel-macos-x86_64, r-oldrel-windows-x86_64