CRAN Package Check Results for Package fastLink

Last updated on 2024-06-13 06:58:01 CEST.

Flavor Version Tinstall Tcheck Ttotal Status Flags
r-devel-linux-x86_64-debian-clang 0.6.1 67.03 125.98 193.01 OK
r-devel-linux-x86_64-debian-gcc 0.6.1 0.39 1.72 2.11 ERROR
r-devel-linux-x86_64-fedora-clang 0.6.1 276.63 NOTE
r-devel-linux-x86_64-fedora-gcc 0.6.1 256.34 OK
r-devel-windows-x86_64 0.6.1 57.00 136.00 193.00 NOTE
r-patched-linux-x86_64 0.6.1 59.96 121.53 181.49 OK
r-release-linux-x86_64 0.6.1 60.65 123.35 184.00 OK
r-release-macos-arm64 0.6.1 59.00 NOTE
r-release-macos-x86_64 0.6.1 106.00 NOTE
r-release-windows-x86_64 0.6.1 60.00 141.00 201.00 NOTE
r-oldrel-macos-arm64 0.6.1 71.00 NOTE
r-oldrel-macos-x86_64 0.6.1 207.00 NOTE
r-oldrel-windows-x86_64 0.6.1 73.00 222.00 295.00 NOTE

Check Details

Version: 0.6.1
Check: package dependencies
Result: ERROR Packages required but not available: 'stringr', 'dplyr' Package suggested but not available for checking: ‘testthat’ See section ‘The DESCRIPTION file’ in the ‘Writing R Extensions’ manual. Flavor: r-devel-linux-x86_64-debian-gcc

Version: 0.6.1
Check: installed package size
Result: NOTE installed size is 5.4Mb sub-directories of 1Mb or more: data 4.8Mb Flavors: r-devel-linux-x86_64-fedora-clang, r-devel-windows-x86_64, r-release-macos-arm64, r-release-macos-x86_64, r-release-windows-x86_64, r-oldrel-macos-arm64, r-oldrel-macos-x86_64, r-oldrel-windows-x86_64