CRAN Package Check Results for Package fdaSP

Last updated on 2024-07-18 06:57:24 CEST.

Flavor Version Tinstall Tcheck Ttotal Status Flags
r-devel-linux-x86_64-debian-clang 1.1.1 315.72 109.51 425.23 OK
r-devel-linux-x86_64-debian-gcc 1.1.1 188.70 77.97 266.67 OK
r-devel-linux-x86_64-fedora-clang 1.1.1 508.19 OK
r-devel-linux-x86_64-fedora-gcc 1.1.1 556.32 OK
r-devel-windows-x86_64 1.1.1 186.00 111.00 297.00 OK
r-patched-linux-x86_64 1.1.1 242.65 99.76 342.41 OK
r-release-linux-x86_64 1.1.1 228.27 102.63 330.90 OK
r-release-macos-arm64 1.1.1 119.00 NOTE
r-release-macos-x86_64 1.1.1 148.00 NOTE
r-release-windows-x86_64 1.1.1 186.00 120.00 306.00 OK
r-oldrel-macos-arm64 1.1.1 130.00 NOTE
r-oldrel-macos-x86_64 1.1.1 272.00 NOTE
r-oldrel-windows-x86_64 1.1.1 232.00 144.00 376.00 OK

Check Details

Version: 1.1.1
Check: installed package size
Result: NOTE installed size is 25.5Mb sub-directories of 1Mb or more: libs 25.1Mb Flavors: r-release-macos-arm64, r-release-macos-x86_64, r-oldrel-macos-arm64, r-oldrel-macos-x86_64