CRAN Package Check Results for Package fdatest

Last updated on 2024-06-13 06:58:01 CEST.

Flavor Version Tinstall Tcheck Ttotal Status Flags
r-devel-linux-x86_64-debian-clang 2.1.1 10.71 144.16 154.87 NOTE
r-devel-linux-x86_64-debian-gcc 2.1.1 0.34 1.73 2.07 ERROR
r-devel-linux-x86_64-fedora-clang 2.1.1 196.53 NOTE
r-devel-linux-x86_64-fedora-gcc 2.1.1 182.76 NOTE
r-devel-windows-x86_64 2.1.1 11.00 136.00 147.00 NOTE
r-patched-linux-x86_64 2.1.1 12.53 132.53 145.06 NOTE
r-release-linux-x86_64 2.1.1 10.57 139.40 149.97 NOTE
r-release-macos-arm64 2.1.1 53.00 NOTE
r-release-macos-x86_64 2.1.1 94.00 NOTE
r-release-windows-x86_64 2.1.1 11.00 137.00 148.00 NOTE
r-oldrel-macos-arm64 2.1.1 59.00 OK
r-oldrel-macos-x86_64 2.1.1 100.00 OK
r-oldrel-windows-x86_64 2.1.1 14.00 147.00 161.00 OK

Check Details

Version: 2.1.1
Check: Rd files
Result: NOTE checkRd: (-1) NASAtemp.Rd:14: Lost braces in \itemize; meant \describe ? checkRd: (-1) NASAtemp.Rd:15: Lost braces in \itemize; meant \describe ? Flavors: r-devel-linux-x86_64-debian-clang, r-devel-linux-x86_64-fedora-clang, r-devel-linux-x86_64-fedora-gcc, r-devel-windows-x86_64, r-patched-linux-x86_64, r-release-linux-x86_64, r-release-macos-arm64, r-release-macos-x86_64, r-release-windows-x86_64

Version: 2.1.1
Check: package dependencies
Result: ERROR Package required but not available: ‘fda’ See section ‘The DESCRIPTION file’ in the ‘Writing R Extensions’ manual. Flavor: r-devel-linux-x86_64-debian-gcc