CRAN Package Check Results for Package fiery

Last updated on 2024-06-13 06:58:01 CEST.

Flavor Version Tinstall Tcheck Ttotal Status Flags
r-devel-linux-x86_64-debian-clang 1.2.1 13.34 69.59 82.93 OK
r-devel-linux-x86_64-debian-gcc 1.2.1 11.16 45.79 56.95 ERROR
r-devel-linux-x86_64-fedora-clang 1.2.1 106.03 OK
r-devel-linux-x86_64-fedora-gcc 1.2.1 110.48 OK
r-devel-windows-x86_64 1.2.1 11.00 108.00 119.00 OK
r-patched-linux-x86_64 1.2.1 12.35 64.98 77.33 OK
r-release-linux-x86_64 1.2.1 13.07 65.33 78.40 OK
r-release-macos-arm64 1.2.1 64.00 OK
r-release-macos-x86_64 1.2.1 85.00 OK
r-release-windows-x86_64 1.2.1 12.00 102.00 114.00 OK
r-oldrel-macos-arm64 1.2.1 73.00 OK
r-oldrel-macos-x86_64 1.2.1 105.00 OK
r-oldrel-windows-x86_64 1.2.1 17.00 106.00 123.00 OK

Check Details

Version: 1.2.1
Check: package dependencies
Result: NOTE Package suggested but not available for checking: ‘testthat’ Flavor: r-devel-linux-x86_64-debian-gcc

Version: 1.2.1
Check: tests
Result: ERROR Running ‘testthat.R’ [0s/0s] Running the tests in ‘tests/testthat.R’ failed. Complete output: > # This file is part of the standard setup for testthat. > # It is recommended that you do not modify it. > # > # Where should you do additional test configuration? > # Learn more about the roles of various files in: > # * https://r-pkgs.org/tests.html > # * https://testthat.r-lib.org/reference/test_package.html#special-files > > library(testthat) Error in library(testthat) : there is no package called 'testthat' Execution halted Flavor: r-devel-linux-x86_64-debian-gcc