CRAN Package Check Results for Package flashlight

Last updated on 2024-07-18 06:57:24 CEST.

Flavor Version Tinstall Tcheck Ttotal Status Flags
r-devel-linux-x86_64-debian-clang 0.9.0 7.88 114.65 122.53 NOTE
r-devel-linux-x86_64-debian-gcc 0.9.0 5.20 84.32 89.52 NOTE
r-devel-linux-x86_64-fedora-clang 0.9.0 159.37 NOTE
r-devel-linux-x86_64-fedora-gcc 0.9.0 150.60 NOTE
r-devel-windows-x86_64 0.9.0 10.00 103.00 113.00 NOTE
r-patched-linux-x86_64 0.9.0 8.77 108.98 117.75 NOTE
r-release-linux-x86_64 0.9.0 4.58 109.84 114.42 NOTE
r-release-macos-arm64 0.9.0 47.00 NOTE
r-release-macos-x86_64 0.9.0 101.00 NOTE
r-release-windows-x86_64 0.9.0 8.00 105.00 113.00 NOTE
r-oldrel-macos-arm64 0.9.0 49.00 OK
r-oldrel-macos-x86_64 0.9.0 98.00 OK
r-oldrel-windows-x86_64 0.9.0 9.00 124.00 133.00 OK

Check Details

Version: 0.9.0
Check: Rd files
Result: NOTE checkRd: (-1) flashlight.Rd:53: Lost braces; missing escapes or markup? 53 | like those in package {MetricsWeighted}.} | ^ checkRd: (-1) grouped_stats.Rd:49: Lost braces; missing escapes or markup? 49 | {MetricsWeighted}.} | ^ checkRd: (-1) plot_counts.Rd:45: Lost braces; missing escapes or markup? 45 | Experimental. Uses package {ggpubr} to rearrange the figure. | ^ Flavors: r-devel-linux-x86_64-debian-clang, r-devel-linux-x86_64-debian-gcc, r-devel-linux-x86_64-fedora-clang, r-devel-linux-x86_64-fedora-gcc, r-devel-windows-x86_64, r-patched-linux-x86_64, r-release-linux-x86_64, r-release-macos-arm64, r-release-macos-x86_64, r-release-windows-x86_64