CRAN Package Check Results for Package fmpcloudr

Last updated on 2024-07-18 06:57:24 CEST.

Flavor Version Tinstall Tcheck Ttotal Status Flags
r-devel-linux-x86_64-debian-clang 0.1.5 3.17 32.68 35.85 NOTE
r-devel-linux-x86_64-debian-gcc 0.1.5 1.85 24.64 26.49 NOTE
r-devel-linux-x86_64-fedora-clang 0.1.5 47.24 NOTE
r-devel-linux-x86_64-fedora-gcc 0.1.5 41.96 NOTE
r-devel-windows-x86_64 0.1.5 5.00 54.00 59.00 NOTE
r-patched-linux-x86_64 0.1.5 3.80 31.51 35.31 NOTE
r-release-linux-x86_64 0.1.5 2.05 31.60 33.65 NOTE
r-release-macos-arm64 0.1.5 20.00 NOTE
r-release-macos-x86_64 0.1.5 38.00 NOTE
r-release-windows-x86_64 0.1.5 5.00 54.00 59.00 NOTE
r-oldrel-macos-arm64 0.1.5 18.00 NOTE
r-oldrel-macos-x86_64 0.1.5 25.00 NOTE
r-oldrel-windows-x86_64 0.1.5 5.00 57.00 62.00 NOTE

Check Details

Version: 0.1.5
Check: LazyData
Result: NOTE 'LazyData' is specified without a 'data' directory Flavors: r-devel-linux-x86_64-debian-clang, r-devel-linux-x86_64-debian-gcc, r-devel-linux-x86_64-fedora-clang, r-devel-linux-x86_64-fedora-gcc, r-devel-windows-x86_64, r-patched-linux-x86_64, r-release-linux-x86_64, r-release-macos-arm64, r-release-macos-x86_64, r-release-windows-x86_64, r-oldrel-macos-arm64, r-oldrel-macos-x86_64, r-oldrel-windows-x86_64