CRAN Package Check Results for Package foodingraph

Last updated on 2024-07-18 06:57:24 CEST.

Flavor Version Tinstall Tcheck Ttotal Status Flags
r-devel-linux-x86_64-debian-clang 0.1.0 6.41 77.20 83.61 NOTE
r-devel-linux-x86_64-debian-gcc 0.1.0 7.15 57.77 64.92 NOTE
r-devel-linux-x86_64-fedora-clang 0.1.0 114.14 NOTE
r-devel-linux-x86_64-fedora-gcc 0.1.0 320.47 NOTE
r-devel-windows-x86_64 0.1.0 8.00 77.00 85.00 NOTE
r-patched-linux-x86_64 0.1.0 13.09 73.47 86.56 NOTE
r-release-linux-x86_64 0.1.0 4.99 72.82 77.81 NOTE
r-release-macos-arm64 0.1.0 98.00 NOTE
r-release-macos-x86_64 0.1.0 136.00 NOTE
r-release-windows-x86_64 0.1.0 9.00 75.00 84.00 NOTE
r-oldrel-macos-arm64 0.1.0 120.00 NOTE
r-oldrel-macos-x86_64 0.1.0 159.00 NOTE
r-oldrel-windows-x86_64 0.1.0 10.00 85.00 95.00 NOTE

Check Details

Version: 0.1.0
Check: package subdirectories
Result: NOTE Problems with news in ‘NEWS.md’: No news entries found. Flavors: r-devel-linux-x86_64-debian-clang, r-devel-linux-x86_64-debian-gcc, r-devel-linux-x86_64-fedora-clang, r-devel-linux-x86_64-fedora-gcc, r-devel-windows-x86_64, r-patched-linux-x86_64, r-release-linux-x86_64, r-release-macos-arm64, r-release-macos-x86_64, r-release-windows-x86_64, r-oldrel-macos-arm64, r-oldrel-macos-x86_64, r-oldrel-windows-x86_64

Version: 0.1.0
Check: LazyData
Result: NOTE 'LazyData' is specified without a 'data' directory Flavors: r-devel-linux-x86_64-debian-clang, r-devel-linux-x86_64-debian-gcc, r-devel-linux-x86_64-fedora-clang, r-devel-linux-x86_64-fedora-gcc, r-devel-windows-x86_64, r-patched-linux-x86_64, r-release-linux-x86_64, r-release-macos-arm64, r-release-macos-x86_64, r-release-windows-x86_64, r-oldrel-macos-arm64, r-oldrel-macos-x86_64, r-oldrel-windows-x86_64

Version: 0.1.0
Check: dependencies in R code
Result: NOTE Namespace in Imports field not imported from: ‘grid’ All declared Imports should be used. Flavors: r-devel-linux-x86_64-fedora-clang, r-devel-linux-x86_64-fedora-gcc

Version: 0.1.0
Check: Rd cross-references
Result: NOTE Found the following Rd file(s) with Rd \link{} targets missing package anchors: foodingraph.Rd: igraph, ggraph Please provide package anchors for all Rd \link{} targets not in the package itself and the base packages. Flavor: r-devel-windows-x86_64

Version: 0.1.0
Check: package dependencies
Result: NOTE Package suggested but not available for checking: ‘minet’ Flavor: r-oldrel-macos-x86_64