CRAN Package Check Results for Package forecastSNSTS

Last updated on 2024-07-18 06:57:24 CEST.

Flavor Version Tinstall Tcheck Ttotal Status Flags
r-devel-linux-x86_64-debian-clang 1.3-0 43.58 37.98 81.56 NOTE
r-devel-linux-x86_64-debian-gcc 1.3-0 25.04 28.74 53.78 NOTE
r-devel-linux-x86_64-fedora-clang 1.3-0 118.39 NOTE
r-devel-linux-x86_64-fedora-gcc 1.3-0 108.91 NOTE
r-devel-windows-x86_64 1.3-0 31.00 72.00 103.00 NOTE
r-patched-linux-x86_64 1.3-0 34.42 36.98 71.40 NOTE
r-release-linux-x86_64 1.3-0 32.96 36.17 69.13 NOTE
r-release-macos-arm64 1.3-0 28.00 NOTE
r-release-macos-x86_64 1.3-0 37.00 NOTE
r-release-windows-x86_64 1.3-0 30.00 76.00 106.00 NOTE
r-oldrel-macos-arm64 1.3-0 31.00 NOTE
r-oldrel-macos-x86_64 1.3-0 50.00 NOTE
r-oldrel-windows-x86_64 1.3-0 30.00 80.00 110.00 NOTE

Check Details

Version: 1.3-0
Check: LazyData
Result: NOTE 'LazyData' is specified without a 'data' directory Flavors: r-devel-linux-x86_64-debian-clang, r-devel-linux-x86_64-debian-gcc, r-devel-linux-x86_64-fedora-clang, r-devel-linux-x86_64-fedora-gcc, r-devel-windows-x86_64, r-patched-linux-x86_64, r-release-linux-x86_64, r-release-macos-arm64, r-release-macos-x86_64, r-release-windows-x86_64, r-oldrel-macos-arm64, r-oldrel-macos-x86_64, r-oldrel-windows-x86_64