CRAN Package Check Results for Package fpp3

Last updated on 2024-06-13 06:58:02 CEST.

Flavor Version Tinstall Tcheck Ttotal Status Flags
r-devel-linux-x86_64-debian-clang 0.5 9.07 78.42 87.49 OK
r-devel-linux-x86_64-debian-gcc 0.5 0.38 1.60 1.98 ERROR
r-devel-linux-x86_64-fedora-clang 0.5 111.71 OK
r-devel-linux-x86_64-fedora-gcc 0.5 104.64 OK
r-devel-windows-x86_64 0.5 9.00 77.00 86.00 OK
r-patched-linux-x86_64 0.5 11.54 76.31 87.85 OK
r-release-linux-x86_64 0.5 9.27 76.30 85.57 OK
r-release-macos-arm64 0.5 31.00 OK
r-release-macos-x86_64 0.5 88.00 OK
r-release-windows-x86_64 0.5 11.00 79.00 90.00 OK
r-oldrel-macos-arm64 0.5 35.00 OK
r-oldrel-macos-x86_64 0.5 55.00 OK
r-oldrel-windows-x86_64 0.5 14.00 92.00 106.00 OK

Check Details

Version: 0.5
Check: package dependencies
Result: ERROR Packages required but not available: 'dplyr', 'fable', 'fabletools', 'feasts', 'ggplot2', 'lubridate', 'purrr', 'tibble', 'tidyr', 'tsibble', 'tsibbledata' See section ‘The DESCRIPTION file’ in the ‘Writing R Extensions’ manual. Flavor: r-devel-linux-x86_64-debian-gcc