CRAN Package Check Results for Package funkyheatmap

Last updated on 2024-07-25 05:54:58 CEST.

Flavor Version Tinstall Tcheck Ttotal Status Flags
r-devel-linux-x86_64-debian-clang 0.5.0 10.20 135.06 145.26 OK
r-devel-linux-x86_64-debian-gcc 0.5.0 7.87 101.76 109.63 NOTE
r-devel-linux-x86_64-fedora-clang 0.5.0 186.94 NOTE
r-devel-linux-x86_64-fedora-gcc 0.5.0 180.54 NOTE
r-devel-windows-x86_64 0.5.0 10.00 113.00 123.00 NOTE
r-patched-linux-x86_64 0.5.0 13.54 129.89 143.43 OK
r-release-linux-x86_64 0.5.0 6.80 130.11 136.91 OK
r-release-macos-arm64 0.5.0 63.00 OK
r-release-macos-x86_64 0.5.0 150.00 OK
r-release-windows-x86_64 0.5.0 9.00 112.00 121.00 OK
r-oldrel-macos-arm64 0.5.0 58.00 OK
r-oldrel-macos-x86_64 0.5.0 146.00 OK
r-oldrel-windows-x86_64 0.5.0 12.00 133.00 145.00 OK

Check Details

Version: 0.5.0
Check: Rd cross-references
Result: NOTE Found the following Rd file(s) with Rd \link{} targets missing package anchors: funky_heatmap.Rd: ggsave Please provide package anchors for all Rd \link{} targets not in the package itself and the base packages. Flavors: r-devel-linux-x86_64-debian-gcc, r-devel-windows-x86_64

Version: 0.5.0
Check: data for non-ASCII characters
Result: NOTE Note: found 36 marked UTF-8 strings Flavors: r-devel-linux-x86_64-fedora-clang, r-devel-linux-x86_64-fedora-gcc