CRAN Package Check Results for Package gRain

Last updated on 2024-06-13 06:58:03 CEST.

Flavor Version Tinstall Tcheck Ttotal Status Flags
r-devel-linux-x86_64-debian-clang 1.4.1 64.74 138.39 203.13 OK
r-devel-linux-x86_64-debian-gcc 1.4.1 0.46 1.68 2.14 ERROR
r-devel-linux-x86_64-fedora-clang 1.4.1 271.70 OK
r-devel-linux-x86_64-fedora-gcc 1.4.1 276.41 OK
r-devel-windows-x86_64 1.4.1 50.00 147.00 197.00 OK
r-patched-linux-x86_64 1.4.1 56.19 133.21 189.40 OK
r-release-linux-x86_64 1.4.1 46.70 132.85 179.55 OK
r-release-macos-arm64 1.4.1 70.00 OK
r-release-macos-x86_64 1.4.1 172.00 WARN
r-release-windows-x86_64 1.4.1 54.00 147.00 201.00 OK
r-oldrel-macos-arm64 1.4.1 70.00 OK
r-oldrel-macos-x86_64 1.4.1 227.00 OK
r-oldrel-windows-x86_64 1.4.1 67.00 175.00 242.00 OK

Check Details

Version: 1.4.1
Check: package dependencies
Result: ERROR Packages required but not available: 'gRbase', 'igraph', 'broom' Package suggested but not available for checking: ‘testthat’ See section ‘The DESCRIPTION file’ in the ‘Writing R Extensions’ manual. Flavor: r-devel-linux-x86_64-debian-gcc

Version: 1.4.1
Check: re-building of vignette outputs
Result: WARN Error(s) in re-building vignettes: ... --- re-building ‘grain_intro.Rnw’ using knitr Error: processing vignette 'grain_intro.Rnw' failed with diagnostics: Running 'texi2dvi' on 'grain_intro.tex' failed. LaTeX errors: ! Undefined control sequence. l.291 \hldef {yn} \hlkwb{<-} \hlkwd{c}\hldef{(}\hlsng{"yes"}\hldef{,}\hlsng{"... ? ! Emergency stop. l.291 End of file on the terminal! ! ==> Fatal error occurred, no output PDF file produced! --- failed re-building ‘grain_intro.Rnw’ SUMMARY: processing the following file failed: ‘grain_intro.Rnw’ Error: Vignette re-building failed. Execution halted Flavor: r-release-macos-x86_64