CRAN Package Check Results for Package gRim

Last updated on 2024-07-14 05:53:32 CEST.

Flavor Version Tinstall Tcheck Ttotal Status Flags
r-devel-linux-x86_64-debian-clang 0.3.2 160.43 154.09 314.52 OK
r-devel-linux-x86_64-debian-gcc 0.3.2 102.07 113.31 215.38 OK
r-devel-linux-x86_64-fedora-clang 0.3.2 427.01 OK
r-devel-linux-x86_64-fedora-gcc 0.3.2 421.10 OK
r-devel-windows-x86_64 0.3.2 118.00 145.00 263.00 NOTE
r-patched-linux-x86_64 0.3.2 100.28 144.38 244.66 OK
r-release-linux-x86_64 0.3.2 94.95 145.33 240.28 OK
r-release-macos-arm64 0.3.2 87.00 NOTE
r-release-macos-x86_64 0.3.2 201.00 NOTE
r-release-windows-x86_64 0.3.2 116.00 138.00 254.00 OK
r-oldrel-macos-arm64 0.3.2 92.00 NOTE
r-oldrel-macos-x86_64 0.3.2 156.00 NOTE
r-oldrel-windows-x86_64 0.3.2 148.00 175.00 323.00 NOTE

Check Details

Version: 0.3.2
Check: Rd cross-references
Result: NOTE Found the following Rd file(s) with Rd \link{} targets missing package anchors: getEdges.Rd: edgeList, nonEdgeList Please provide package anchors for all Rd \link{} targets not in the package itself and the base packages. Flavor: r-devel-windows-x86_64

Version: 0.3.2
Check: installed package size
Result: NOTE installed size is 9.1Mb sub-directories of 1Mb or more: libs 5.4Mb supplementary_material 3.1Mb Flavors: r-release-macos-arm64, r-release-macos-x86_64, r-oldrel-macos-arm64, r-oldrel-macos-x86_64, r-oldrel-windows-x86_64