CRAN Package Check Results for Package gamCopula

Last updated on 2024-07-18 06:57:24 CEST.

Flavor Version Tinstall Tcheck Ttotal Status Flags
r-devel-linux-x86_64-debian-clang 0.0-7 19.92 130.39 150.31 OK
r-devel-linux-x86_64-debian-gcc 0.0-7 15.31 94.46 109.77 OK
r-devel-linux-x86_64-fedora-clang 0.0-7 185.88 OK
r-devel-linux-x86_64-fedora-gcc 0.0-7 170.03 OK
r-devel-windows-x86_64 0.0-7 15.00 108.00 123.00 NOTE
r-patched-linux-x86_64 0.0-7 25.57 122.21 147.78 OK
r-release-linux-x86_64 0.0-7 17.15 121.67 138.82 OK
r-release-macos-arm64 0.0-7 53.00 OK
r-release-macos-x86_64 0.0-7 82.00 OK
r-release-windows-x86_64 0.0-7 16.00 108.00 124.00 OK
r-oldrel-macos-arm64 0.0-7 52.00 OK
r-oldrel-macos-x86_64 0.0-7 88.00 OK
r-oldrel-windows-x86_64 0.0-7 21.00 127.00 148.00 OK

Check Details

Version: 0.0-7
Check: Rd cross-references
Result: NOTE Found the following Rd file(s) with Rd \link{} targets missing package anchors: BiCopEta2Par.Rd: BiCopPar2Tau, BiCopTau2Par BiCopPar2Eta.Rd: BiCopPar2Tau, BiCopTau2Par EDF.gamBiCop-methods.Rd: gamObject RVM2GVC.Rd: RVineMatrix formula.gamBiCop-methods.Rd: gam, formula.gam gamBiCop-class.Rd: gamObject, gam gamBiCop.Rd: gamObject, gam gamBiCopCDF.Rd: predict.gam gamBiCopFit.Rd: gam, formula.gam, gam.models gamBiCopPDF.Rd: predict.gam gamBiCopPredict.Rd: predict.gam gamBiCopSelect.Rd: BiCopSelect, gam gamBiCopSimulate.Rd: predict.gam gamCopula-package.Rd: VineCopula gamVine-class.Rd: RVineMatrix gamVine.Rd: RVineMatrix gamVineCopSelect.Rd: BiCopSelect, gam gamVinePDF.Rd: predict.gam gamVineSeqFit.Rd: gam gamVineStructureSelect.Rd: BiCopSelect plot.gamBiCop-methods.Rd: plot.gam plot.gamVine-methods.Rd: plot.gam summary.gamBiCop-methods.Rd: summary.gam summary.gamVine-methods.Rd: summary.gam Please provide package anchors for all Rd \link{} targets not in the package itself and the base packages. Flavor: r-devel-windows-x86_64