CRAN Package Check Results for Package geex

Last updated on 2024-07-23 05:57:32 CEST.

Flavor Version Tinstall Tcheck Ttotal Status Flags
r-devel-linux-x86_64-debian-clang 1.1.1 6.19 349.76 355.95 NOTE
r-devel-linux-x86_64-debian-gcc 1.1.1 3.72 253.80 257.52 NOTE
r-devel-linux-x86_64-fedora-clang 1.1.1 449.99 NOTE
r-devel-linux-x86_64-fedora-gcc 1.1.1 454.73 NOTE
r-devel-windows-x86_64 1.1.1 7.00 255.00 262.00 NOTE
r-patched-linux-x86_64 1.1.1 5.82 341.73 347.55 NOTE
r-release-linux-x86_64 1.1.1 4.70 338.67 343.37 NOTE
r-release-macos-arm64 1.1.1 106.00 NOTE
r-release-macos-x86_64 1.1.1 176.00 NOTE
r-release-windows-x86_64 1.1.1 6.00 247.00 253.00 NOTE
r-oldrel-macos-arm64 1.1.1 116.00 OK
r-oldrel-macos-x86_64 1.1.1 201.00 OK
r-oldrel-windows-x86_64 1.1.1 7.00 320.00 327.00 OK

Check Details

Version: 1.1.1
Check: Rd files
Result: NOTE checkRd: (-1) geexex.Rd:10: Lost braces in \itemize; meant \describe ? checkRd: (-1) geexex.Rd:11: Lost braces in \itemize; meant \describe ? checkRd: (-1) geexex.Rd:12: Lost braces in \itemize; meant \describe ? checkRd: (-1) geexex.Rd:13: Lost braces in \itemize; meant \describe ? checkRd: (-1) geexex.Rd:14: Lost braces in \itemize; meant \describe ? checkRd: (-1) geexex.Rd:15: Lost braces in \itemize; meant \describe ? checkRd: (-1) geexex.Rd:16: Lost braces in \itemize; meant \describe ? checkRd: (-1) geexex.Rd:17: Lost braces in \itemize; meant \describe ? checkRd: (-1) geexex.Rd:18: Lost braces in \itemize; meant \describe ? Flavors: r-devel-linux-x86_64-debian-clang, r-devel-linux-x86_64-debian-gcc, r-devel-linux-x86_64-fedora-clang, r-devel-linux-x86_64-fedora-gcc, r-devel-windows-x86_64, r-patched-linux-x86_64, r-release-linux-x86_64, r-release-macos-arm64, r-release-macos-x86_64, r-release-windows-x86_64

Version: 1.1.1
Check: dependencies in R code
Result: NOTE Namespace in Imports field not imported from: ‘rootSolve’ All declared Imports should be used. Flavors: r-devel-linux-x86_64-fedora-clang, r-devel-linux-x86_64-fedora-gcc