CRAN Package Check Results for Package gen3sis

Last updated on 2024-07-21 05:57:35 CEST.

Flavor Version Tinstall Tcheck Ttotal Status Flags
r-devel-linux-x86_64-debian-clang 1.5.11 62.44 455.30 517.74 OK
r-devel-linux-x86_64-debian-gcc 1.5.11 45.87 318.14 364.01 NOTE
r-devel-linux-x86_64-fedora-clang 1.5.11 658.77 NOTE
r-devel-linux-x86_64-fedora-gcc 1.5.11 629.35 OK
r-devel-windows-x86_64 1.5.11 52.00 286.00 338.00 NOTE
r-patched-linux-x86_64 1.5.11 67.65 424.88 492.53 OK
r-release-linux-x86_64 1.5.11 67.61 413.27 480.88 OK
r-release-macos-arm64 1.5.11 143.00 NOTE
r-release-macos-x86_64 1.5.11 259.00 NOTE
r-release-windows-x86_64 1.5.11 57.00 287.00 344.00 NOTE
r-oldrel-macos-arm64 1.5.11 152.00 NOTE
r-oldrel-macos-x86_64 1.5.11 581.00 NOTE
r-oldrel-windows-x86_64 1.5.11 74.00 386.00 460.00 NOTE

Check Details

Version: 1.5.11
Check: Rd cross-references
Result: NOTE Found the following Rd file(s) with Rd \link{} targets missing package anchors: plot_raster_single.Rd: raster Please provide package anchors for all Rd \link{} targets not in the package itself and the base packages. Flavors: r-devel-linux-x86_64-debian-gcc, r-devel-windows-x86_64

Version: 1.5.11
Check: installed package size
Result: NOTE installed size is 5.7Mb sub-directories of 1Mb or more: doc 1.5Mb extdata 3.5Mb Flavors: r-devel-linux-x86_64-fedora-clang, r-devel-windows-x86_64, r-release-macos-arm64, r-release-macos-x86_64, r-release-windows-x86_64, r-oldrel-macos-arm64, r-oldrel-macos-x86_64, r-oldrel-windows-x86_64