CRAN Package Check Results for Package genpwr

Last updated on 2024-07-11 05:53:58 CEST.

Flavor Version Tinstall Tcheck Ttotal Status Flags
r-devel-linux-x86_64-debian-clang 1.0.4 14.98 254.75 269.73 NOTE
r-devel-linux-x86_64-debian-gcc 1.0.4 13.12 172.01 185.13 NOTE
r-devel-linux-x86_64-fedora-clang 1.0.4 328.67 NOTE
r-devel-linux-x86_64-fedora-gcc 1.0.4 317.40 NOTE
r-devel-windows-x86_64 1.0.4 17.00 197.00 214.00 NOTE
r-patched-linux-x86_64 1.0.4 15.21 239.06 254.27 NOTE
r-release-linux-x86_64 1.0.4 16.14 237.92 254.06 NOTE
r-release-macos-arm64 1.0.4 81.00 NOTE
r-release-macos-x86_64 1.0.4 128.00 NOTE
r-release-windows-x86_64 1.0.4 17.00 195.00 212.00 NOTE
r-oldrel-macos-arm64 1.0.4 88.00 NOTE
r-oldrel-macos-x86_64 1.0.4 145.00 NOTE
r-oldrel-windows-x86_64 1.0.4 20.00 235.00 255.00 NOTE

Check Details

Version: 1.0.4
Check: package subdirectories
Result: NOTE Problems with news in ‘NEWS.md’: No news entries found. Flavors: r-devel-linux-x86_64-debian-clang, r-devel-linux-x86_64-debian-gcc, r-devel-linux-x86_64-fedora-clang, r-devel-linux-x86_64-fedora-gcc, r-devel-windows-x86_64, r-patched-linux-x86_64, r-release-linux-x86_64, r-release-macos-arm64, r-release-macos-x86_64, r-release-windows-x86_64, r-oldrel-macos-arm64, r-oldrel-macos-x86_64, r-oldrel-windows-x86_64