CRAN Package Check Results for Package geogenr

Last updated on 2024-07-20 06:49:20 CEST.

Flavor Version Tinstall Tcheck Ttotal Status Flags
r-devel-linux-x86_64-debian-clang 2.0.1 4.84 99.71 104.55 OK
r-devel-linux-x86_64-debian-gcc 2.0.1 3.73 74.52 78.25 OK
r-devel-linux-x86_64-fedora-clang 2.0.1 128.19 NOTE
r-devel-linux-x86_64-fedora-gcc 2.0.1 131.09 OK
r-devel-windows-x86_64 2.0.1 6.00 127.00 133.00 NOTE
r-patched-linux-x86_64 2.0.1 3.63 93.57 97.20 OK
r-release-linux-x86_64 2.0.1 3.44 93.51 96.95 OK
r-release-macos-arm64 2.0.1 66.00 NOTE
r-release-macos-x86_64 2.0.1 79.00 NOTE
r-release-windows-x86_64 2.0.1 6.00 126.00 132.00 NOTE
r-oldrel-macos-arm64 2.0.1 53.00 NOTE
r-oldrel-macos-x86_64 2.0.1 124.00 NOTE
r-oldrel-windows-x86_64 2.0.1 8.00 142.00 150.00 NOTE

Check Details

Version: 2.0.1
Check: installed package size
Result: NOTE installed size is 6.8Mb sub-directories of 1Mb or more: doc 2.1Mb extdata 3.5Mb Flavors: r-devel-linux-x86_64-fedora-clang, r-devel-windows-x86_64, r-release-macos-arm64, r-release-macos-x86_64, r-release-windows-x86_64, r-oldrel-macos-arm64, r-oldrel-macos-x86_64, r-oldrel-windows-x86_64