CRAN Package Check Results for Package geojsonsf

Last updated on 2024-07-16 05:55:52 CEST.

Flavor Version Tinstall Tcheck Ttotal Status Flags
r-devel-linux-x86_64-debian-clang 2.0.3 106.73 38.71 145.44 NOTE
r-devel-linux-x86_64-debian-gcc 2.0.3 66.50 29.55 96.05 NOTE
r-devel-linux-x86_64-fedora-clang 2.0.3 195.25 NOTE
r-devel-linux-x86_64-fedora-gcc 2.0.3 219.71 NOTE
r-devel-windows-x86_64 2.0.3 74.00 75.00 149.00 NOTE
r-patched-linux-x86_64 2.0.3 87.78 37.71 125.49 NOTE
r-release-linux-x86_64 2.0.3 71.77 36.25 108.02 NOTE
r-release-macos-arm64 2.0.3 52.00 NOTE
r-release-macos-x86_64 2.0.3 63.00 NOTE
r-release-windows-x86_64 2.0.3 75.00 72.00 147.00 NOTE
r-oldrel-macos-arm64 2.0.3 64.00 NOTE
r-oldrel-macos-x86_64 2.0.3 96.00 NOTE
r-oldrel-windows-x86_64 2.0.3 89.00 83.00 172.00 NOTE

Check Details

Version: 2.0.3
Check: C++ specification
Result: NOTE Specified C++11: please drop specification unless essential Flavors: r-devel-linux-x86_64-debian-clang, r-devel-linux-x86_64-debian-gcc, r-devel-linux-x86_64-fedora-clang, r-devel-linux-x86_64-fedora-gcc, r-devel-windows-x86_64, r-patched-linux-x86_64, r-release-linux-x86_64, r-release-macos-arm64, r-release-macos-x86_64, r-release-windows-x86_64, r-oldrel-macos-arm64, r-oldrel-macos-x86_64, r-oldrel-windows-x86_64

Version: 2.0.3
Check: installed package size
Result: NOTE installed size is 6.4Mb sub-directories of 1Mb or more: help 1.3Mb libs 4.4Mb Flavors: r-release-macos-arm64, r-release-macos-x86_64, r-oldrel-macos-arm64, r-oldrel-macos-x86_64