CRAN Package Check Results for Package gets

Last updated on 2024-06-23 05:54:23 CEST.

Flavor Version Tinstall Tcheck Ttotal Status Flags
r-devel-linux-x86_64-debian-clang 0.37 17.42 122.81 140.23 NOTE
r-devel-linux-x86_64-debian-gcc 0.37 11.83 87.70 99.53 NOTE
r-devel-linux-x86_64-fedora-clang 0.37 167.11 NOTE
r-devel-linux-x86_64-fedora-gcc 0.37 171.53 NOTE
r-devel-windows-x86_64 0.37 12.00 136.00 148.00 NOTE
r-patched-linux-x86_64 0.37 14.27 114.30 128.57 NOTE
r-release-linux-x86_64 0.37 12.02 114.48 126.50 NOTE
r-release-macos-arm64 0.37 51.00 NOTE
r-release-macos-x86_64 0.37 93.00 NOTE
r-release-windows-x86_64 0.37 13.00 139.00 152.00 NOTE
r-oldrel-macos-arm64 0.37 50.00 OK
r-oldrel-macos-x86_64 0.37 120.00 OK
r-oldrel-windows-x86_64 0.37 16.00 148.00 164.00 OK

Check Details

Version: 0.37
Check: Rd files
Result: NOTE checkRd: (-1) vargaugeiis.Rd:22: Lost braces 22 | \details{The function computes the variance of the Gauge (false-positive rate of outliers in impulse indicator saturation) for a given level of significance of selection (\code{t.pval}) and sample size ({\code{T}) based on Jiao and Pretis (2019). This is an auxilliary function used within the \code{\link{outliertest}} function.}} | ^ Flavors: r-devel-linux-x86_64-debian-clang, r-devel-linux-x86_64-debian-gcc, r-devel-linux-x86_64-fedora-clang, r-devel-linux-x86_64-fedora-gcc, r-devel-windows-x86_64, r-patched-linux-x86_64, r-release-linux-x86_64, r-release-macos-arm64, r-release-macos-x86_64, r-release-windows-x86_64