CRAN Package Check Results for Package ggdmc

Last updated on 2024-07-21 05:57:35 CEST.

Flavor Version Tinstall Tcheck Ttotal Status Flags
r-devel-linux-x86_64-debian-clang 0.2.6.0 113.49 81.92 195.41 NOTE
r-devel-linux-x86_64-debian-gcc 0.2.6.0 80.90 58.36 139.26 NOTE
r-devel-linux-x86_64-fedora-clang 0.2.6.0 319.57 NOTE
r-devel-linux-x86_64-fedora-gcc 0.2.6.0 328.70 NOTE
r-devel-windows-x86_64 0.2.6.0 95.00 98.00 193.00 NOTE
r-patched-linux-x86_64 0.2.6.0 122.99 75.24 198.23 NOTE
r-release-linux-x86_64 0.2.6.0 119.27 73.55 192.82 NOTE
r-release-macos-arm64 0.2.6.0 67.00 NOTE
r-release-macos-x86_64 0.2.6.0 75.00 NOTE
r-release-windows-x86_64 0.2.6.0 114.00 95.00 209.00 NOTE
r-oldrel-macos-arm64 0.2.6.0 73.00 NOTE
r-oldrel-macos-x86_64 0.2.6.0 131.00 NOTE
r-oldrel-windows-x86_64 0.2.6.0 141.00 113.00 254.00 NOTE

Check Details

Version: 0.2.6.0
Check: C++ specification
Result: NOTE Specified C++11: please drop specification unless essential Flavors: r-devel-linux-x86_64-debian-clang, r-devel-linux-x86_64-debian-gcc, r-devel-linux-x86_64-fedora-clang, r-devel-linux-x86_64-fedora-gcc, r-devel-windows-x86_64, r-patched-linux-x86_64, r-release-linux-x86_64, r-release-macos-arm64, r-release-macos-x86_64, r-release-windows-x86_64, r-oldrel-macos-arm64, r-oldrel-macos-x86_64, r-oldrel-windows-x86_64

Version: 0.2.6.0
Check: LazyData
Result: NOTE 'LazyData' is specified without a 'data' directory Flavors: r-devel-linux-x86_64-debian-clang, r-devel-linux-x86_64-debian-gcc, r-devel-linux-x86_64-fedora-clang, r-devel-linux-x86_64-fedora-gcc, r-devel-windows-x86_64, r-patched-linux-x86_64, r-release-linux-x86_64, r-release-macos-arm64, r-release-macos-x86_64, r-release-windows-x86_64, r-oldrel-macos-arm64, r-oldrel-macos-x86_64, r-oldrel-windows-x86_64

Version: 0.2.6.0
Check: installed package size
Result: NOTE installed size is 5.4Mb sub-directories of 1Mb or more: libs 5.0Mb Flavors: r-release-macos-arm64, r-release-macos-x86_64, r-oldrel-macos-arm64, r-oldrel-macos-x86_64