CRAN Package Check Results for Package ggforce

Last updated on 2024-07-13 06:49:38 CEST.

Flavor Version Tinstall Tcheck Ttotal Status Flags
r-devel-linux-x86_64-debian-clang 0.4.2 127.98 172.92 300.90 OK
r-devel-linux-x86_64-debian-gcc 0.4.2 88.52 127.82 216.34 OK
r-devel-linux-x86_64-fedora-clang 0.4.2 378.83 OK
r-devel-linux-x86_64-fedora-gcc 0.4.2 377.17 OK
r-devel-windows-x86_64 0.4.2 85.00 166.00 251.00 OK
r-patched-linux-x86_64 0.4.2 103.16 166.72 269.88 OK
r-release-linux-x86_64 0.4.2 100.75 147.01 247.76 OK
r-release-macos-arm64 0.4.2 87.00 NOTE
r-release-macos-x86_64 0.4.2 134.00 NOTE
r-release-windows-x86_64 0.4.2 90.00 166.00 256.00 OK
r-oldrel-macos-arm64 0.4.2 90.00 NOTE
r-oldrel-macos-x86_64 0.4.2 193.00 NOTE
r-oldrel-windows-x86_64 0.4.2 114.00 207.00 321.00 OK

Check Details

Version: 0.4.2
Check: installed package size
Result: NOTE installed size is 22.3Mb sub-directories of 1Mb or more: help 1.2Mb libs 20.4Mb Flavors: r-release-macos-arm64, r-release-macos-x86_64, r-oldrel-macos-arm64, r-oldrel-macos-x86_64