CRAN Package Check Results for Package gghilbertstrings

Last updated on 2024-07-13 06:49:38 CEST.

Flavor Version Tinstall Tcheck Ttotal Status Flags
r-devel-linux-x86_64-debian-clang 0.3.3 18.43 120.92 139.35 NOTE
r-devel-linux-x86_64-debian-gcc 0.3.3 12.76 91.99 104.75 NOTE
r-devel-linux-x86_64-fedora-clang 0.3.3 196.33 NOTE
r-devel-linux-x86_64-fedora-gcc 0.3.3 167.28 NOTE
r-devel-windows-x86_64 0.3.3 18.00 112.00 130.00 NOTE
r-patched-linux-x86_64 0.3.3 15.28 119.45 134.73 NOTE
r-release-linux-x86_64 0.3.3 16.00 122.23 138.23 NOTE
r-release-macos-arm64 0.3.3 44.00 NOTE
r-release-macos-x86_64 0.3.3 75.00 NOTE
r-release-windows-x86_64 0.3.3 19.00 109.00 128.00 NOTE
r-oldrel-macos-arm64 0.3.3 39.00 NOTE
r-oldrel-macos-x86_64 0.3.3 79.00 NOTE
r-oldrel-windows-x86_64 0.3.3 23.00 143.00 166.00 NOTE

Check Details

Version: 0.3.3
Check: C++ specification
Result: NOTE Specified C++11: please drop specification unless essential Flavors: r-devel-linux-x86_64-debian-clang, r-devel-linux-x86_64-debian-gcc, r-devel-linux-x86_64-fedora-clang, r-devel-linux-x86_64-fedora-gcc, r-devel-windows-x86_64, r-patched-linux-x86_64, r-release-linux-x86_64, r-release-macos-arm64, r-release-macos-x86_64, r-release-windows-x86_64, r-oldrel-macos-arm64, r-oldrel-macos-x86_64, r-oldrel-windows-x86_64