CRAN Package Check Results for Package ggmosaic

Last updated on 2024-07-18 06:57:25 CEST.

Flavor Version Tinstall Tcheck Ttotal Status Flags
r-devel-linux-x86_64-debian-clang 0.3.3 9.65 105.68 115.33 NOTE
r-devel-linux-x86_64-debian-gcc 0.3.3 8.02 79.18 87.20 NOTE
r-devel-linux-x86_64-fedora-clang 0.3.3 147.34 NOTE
r-devel-linux-x86_64-fedora-gcc 0.3.3 149.05 NOTE
r-devel-windows-x86_64 0.3.3 10.00 99.00 109.00 NOTE
r-patched-linux-x86_64 0.3.3 11.00 96.77 107.77 NOTE
r-release-linux-x86_64 0.3.3 8.84 97.61 106.45 NOTE
r-release-macos-arm64 0.3.3 48.00 NOTE
r-release-macos-x86_64 0.3.3 78.00 NOTE
r-release-windows-x86_64 0.3.3 9.00 97.00 106.00 NOTE
r-oldrel-macos-arm64 0.3.3 51.00 NOTE
r-oldrel-macos-x86_64 0.3.3 79.00 NOTE
r-oldrel-windows-x86_64 0.3.3 12.00 115.00 127.00 NOTE

Check Details

Version: 0.3.3
Check: dependencies in R code
Result: NOTE ':::' call which should be '::': ‘scales:::censor’ See the note in ?`:::` about the use of this operator. Unexported object imported by a ':::' call: ‘productplots:::bound’ See the note in ?`:::` about the use of this operator. Flavors: r-devel-linux-x86_64-debian-clang, r-devel-linux-x86_64-debian-gcc, r-devel-linux-x86_64-fedora-clang, r-devel-linux-x86_64-fedora-gcc, r-devel-windows-x86_64, r-patched-linux-x86_64, r-release-linux-x86_64, r-release-macos-arm64, r-release-macos-x86_64, r-release-windows-x86_64, r-oldrel-macos-arm64, r-oldrel-macos-x86_64, r-oldrel-windows-x86_64