CRAN Package Check Results for Package ggmr

Last updated on 2024-07-23 05:57:32 CEST.

Flavor Version Tinstall Tcheck Ttotal Status Flags
r-devel-linux-x86_64-debian-clang 0.1.1 2.14 24.65 26.79 OK
r-devel-linux-x86_64-debian-gcc 0.1.1 1.78 18.81 20.59 OK
r-devel-linux-x86_64-fedora-clang 0.1.1 34.06 NOTE
r-devel-linux-x86_64-fedora-gcc 0.1.1 31.93 OK
r-devel-windows-x86_64 0.1.1 2.00 41.00 43.00 OK
r-patched-linux-x86_64 0.1.1 1.57 23.44 25.01 OK
r-release-linux-x86_64 0.1.1 2.34 23.81 26.15 OK
r-release-macos-arm64 0.1.1 15.00 OK
r-release-macos-x86_64 0.1.1 21.00 OK
r-release-windows-x86_64 0.1.1 2.00 39.00 41.00 OK
r-oldrel-macos-arm64 0.1.1 16.00 OK
r-oldrel-macos-x86_64 0.1.1 19.00 OK
r-oldrel-windows-x86_64 0.1.1 3.00 40.00 43.00 OK

Check Details

Version: 0.1.1
Check: Rd cross-references
Result: NOTE Undeclared package ‘dwlm’ in Rd xrefs Flavor: r-devel-linux-x86_64-fedora-clang