CRAN Package Check Results for Package ggside

Last updated on 2024-07-25 05:54:59 CEST.

Flavor Version Tinstall Tcheck Ttotal Status Flags
r-devel-linux-x86_64-debian-clang 0.3.1 19.10 231.31 250.41 OK
r-devel-linux-x86_64-debian-gcc 0.3.1 10.59 172.60 183.19 NOTE
r-devel-linux-x86_64-fedora-clang 0.3.1 307.41 OK
r-devel-linux-x86_64-fedora-gcc 0.3.1 298.57 OK
r-devel-windows-x86_64 0.3.1 13.00 170.00 183.00 NOTE
r-patched-linux-x86_64 0.3.1 17.46 224.69 242.15 OK
r-release-linux-x86_64 0.3.1 13.81 219.41 233.22 OK
r-release-macos-arm64 0.3.1 81.00 OK
r-release-macos-x86_64 0.3.1 128.00 OK
r-release-windows-x86_64 0.3.1 13.00 186.00 199.00 OK
r-oldrel-macos-arm64 0.3.1 84.00 OK
r-oldrel-macos-x86_64 0.3.1 174.00 OK
r-oldrel-windows-x86_64 0.3.1 18.00 211.00 229.00 OK

Check Details

Version: 0.3.1
Check: Rd cross-references
Result: NOTE Found the following Rd file(s) with Rd \link{} targets missing package anchors: geom_xsideabline.Rd: aes ggside-ggproto-facets.Rd: ggplot2 xside.Rd: ggplot2 yside.Rd: ggplot2 Please provide package anchors for all Rd \link{} targets not in the package itself and the base packages. Flavors: r-devel-linux-x86_64-debian-gcc, r-devel-windows-x86_64