CRAN Package Check Results for Package ggspatial

Last updated on 2024-07-14 05:53:32 CEST.

Flavor Version Tinstall Tcheck Ttotal Status Flags
r-devel-linux-x86_64-debian-clang 1.1.9 12.06 145.16 157.22 OK
r-devel-linux-x86_64-debian-gcc 1.1.9 9.76 105.90 115.66 OK
r-devel-linux-x86_64-fedora-clang 1.1.9 187.73 OK
r-devel-linux-x86_64-fedora-gcc 1.1.9 178.40 OK
r-devel-windows-x86_64 1.1.9 11.00 121.00 132.00 NOTE
r-patched-linux-x86_64 1.1.9 16.56 138.37 154.93 OK
r-release-linux-x86_64 1.1.9 8.63 134.86 143.49 OK
r-release-macos-arm64 1.1.9 57.00 OK
r-release-macos-x86_64 1.1.9 84.00 OK
r-release-windows-x86_64 1.1.9 13.00 125.00 138.00 OK
r-oldrel-macos-arm64 1.1.9 53.00 OK
r-oldrel-macos-x86_64 1.1.9 138.00 OK
r-oldrel-windows-x86_64 1.1.9 16.00 148.00 164.00 OK

Check Details

Version: 1.1.9
Check: Rd cross-references
Result: NOTE Found the following Rd file(s) with Rd \link{} targets missing package anchors: layer_spatial.Raster.Rd: geom_raster layer_spatial.SpatRaster.Rd: geom_raster layer_spatial.stars.Rd: geom_raster Please provide package anchors for all Rd \link{} targets not in the package itself and the base packages. Flavor: r-devel-windows-x86_64