CRAN Package Check Results for Package gitear

Last updated on 2024-07-14 05:53:32 CEST.

Flavor Version Tinstall Tcheck Ttotal Status Flags
r-devel-linux-x86_64-debian-clang 1.0.0 6.36 60.80 67.16 NOTE
r-devel-linux-x86_64-debian-gcc 1.0.0 3.93 44.93 48.86 NOTE
r-devel-linux-x86_64-fedora-clang 1.0.0 83.78 NOTE
r-devel-linux-x86_64-fedora-gcc 1.0.0 91.75 NOTE
r-devel-windows-x86_64 1.0.0 6.00 69.00 75.00 NOTE
r-patched-linux-x86_64 1.0.0 4.37 57.72 62.09 NOTE
r-release-linux-x86_64 1.0.0 3.84 57.40 61.24 NOTE
r-release-macos-arm64 1.0.0 32.00 NOTE
r-release-macos-x86_64 1.0.0 49.00 NOTE
r-release-windows-x86_64 1.0.0 7.00 71.00 78.00 NOTE
r-oldrel-macos-arm64 1.0.0 36.00 NOTE
r-oldrel-macos-x86_64 1.0.0 58.00 NOTE
r-oldrel-windows-x86_64 1.0.0 9.00 74.00 83.00 NOTE

Check Details

Version: 1.0.0
Check: LazyData
Result: NOTE 'LazyData' is specified without a 'data' directory Flavors: r-devel-linux-x86_64-debian-clang, r-devel-linux-x86_64-debian-gcc, r-devel-linux-x86_64-fedora-clang, r-devel-linux-x86_64-fedora-gcc, r-devel-windows-x86_64, r-patched-linux-x86_64, r-release-linux-x86_64, r-release-macos-arm64, r-release-macos-x86_64, r-release-windows-x86_64, r-oldrel-macos-arm64, r-oldrel-macos-x86_64, r-oldrel-windows-x86_64

Version: 1.0.0
Check: dependencies in R code
Result: NOTE Namespaces in Imports field not imported from: ‘Rcpp’ ‘mockery’ All declared Imports should be used. Flavors: r-devel-linux-x86_64-fedora-clang, r-devel-linux-x86_64-fedora-gcc