CRAN Package Check Results for Package gitlabr

Last updated on 2024-06-13 06:58:03 CEST.

Flavor Version Tinstall Tcheck Ttotal Status Flags
r-devel-linux-x86_64-debian-clang 2.1.0 6.91 66.22 73.13 OK
r-devel-linux-x86_64-debian-gcc 2.1.0 0.44 1.71 2.15 ERROR
r-devel-linux-x86_64-fedora-clang 2.1.0 96.93 OK
r-devel-linux-x86_64-fedora-gcc 2.1.0 101.44 OK
r-devel-windows-x86_64 2.1.0 7.00 77.00 84.00 OK
r-patched-linux-x86_64 2.1.0 7.18 61.79 68.97 OK
r-release-linux-x86_64 2.1.0 4.33 64.68 69.01 OK
r-release-macos-arm64 2.1.0 42.00 OK
r-release-macos-x86_64 2.1.0 65.00 OK
r-release-windows-x86_64 2.1.0 8.00 82.00 90.00 OK
r-oldrel-macos-arm64 2.1.0 52.00 OK
r-oldrel-macos-x86_64 2.1.0 83.00 OK
r-oldrel-windows-x86_64 2.1.0 8.00 82.00 90.00 OK

Check Details

Version: 2.1.0
Check: package dependencies
Result: ERROR Packages required but not available: 'dplyr', 'purrr', 'stringr', 'tibble', 'tidyr' Package suggested but not available for checking: ‘testthat’ See section ‘The DESCRIPTION file’ in the ‘Writing R Extensions’ manual. Flavor: r-devel-linux-x86_64-debian-gcc