CRAN Package Check Results for Package gmnl

Last updated on 2024-06-13 06:58:03 CEST.

Flavor Version Tinstall Tcheck Ttotal Status Flags
r-devel-linux-x86_64-debian-clang 1.1-3.2 16.28 110.53 126.81 OK
r-devel-linux-x86_64-debian-gcc 1.1-3.2 0.31 1.57 1.88 ERROR
r-devel-linux-x86_64-fedora-clang 1.1-3.2 163.08 NOTE
r-devel-linux-x86_64-fedora-gcc 1.1-3.2 146.48 OK
r-devel-windows-x86_64 1.1-3.2 13.00 91.00 104.00 OK
r-patched-linux-x86_64 1.1-3.2 12.42 105.82 118.24 OK
r-release-linux-x86_64 1.1-3.2 13.69 106.18 119.87 OK
r-release-macos-arm64 1.1-3.2 43.00 OK
r-release-macos-x86_64 1.1-3.2 65.00 OK
r-release-windows-x86_64 1.1-3.2 14.00 99.00 113.00 OK
r-oldrel-macos-arm64 1.1-3.2 46.00 OK
r-oldrel-macos-x86_64 1.1-3.2 71.00 OK
r-oldrel-windows-x86_64 1.1-3.2 17.00 113.00 130.00 OK

Check Details

Version: 1.1-3.2
Check: package dependencies
Result: ERROR Package required but not available: ‘mlogit’ Packages suggested but not available for checking: 'AER', 'car', 'testthat' See section ‘The DESCRIPTION file’ in the ‘Writing R Extensions’ manual. Flavor: r-devel-linux-x86_64-debian-gcc

Version: 1.1-3.2
Check: Rd cross-references
Result: NOTE Undeclared package ‘sandwich’ in Rd xrefs Flavor: r-devel-linux-x86_64-fedora-clang