CRAN Package Check Results for Package gpuR

Last updated on 2024-07-21 05:57:36 CEST.

Flavor Version Tinstall Tcheck Ttotal Status Flags
r-devel-linux-x86_64-debian-clang 2.0.6 845.12 53.71 898.83 OK --no-tests
r-devel-linux-x86_64-debian-gcc 2.0.6 674.16 44.06 718.22 OK --no-tests
r-patched-linux-x86_64 2.0.6 907.24 52.30 959.54 OK --no-tests
r-release-linux-x86_64 2.0.6 864.93 51.54 916.47 OK --no-tests
r-release-macos-arm64 2.0.6 331.00 NOTE
r-release-macos-x86_64 2.0.6 328.00 WARN
r-oldrel-macos-arm64 2.0.6 329.00 WARN
r-oldrel-macos-x86_64 2.0.6 392.00 WARN

Check Details

Version: 2.0.6
Check: installed package size
Result: NOTE installed size is 56.3Mb sub-directories of 1Mb or more: libs 53.8Mb Flavors: r-release-macos-arm64, r-release-macos-x86_64, r-oldrel-macos-arm64, r-oldrel-macos-x86_64

Version: 2.0.6
Check: re-building of vignette outputs
Result: WARN Error(s) in re-building vignettes: --- re-building ‘custom_ocl_gpuR.Rnw’ using knitr Error: processing vignette 'custom_ocl_gpuR.Rnw' failed with diagnostics: Running 'texi2dvi' on 'custom_ocl_gpuR.tex' failed. LaTeX errors: ! Undefined control sequence. l.108 \hlsng {"__kernel void SAXPY(__global float* x, __global float* y, floa... ? ! Emergency stop. l.108 End of file on the terminal! ! ==> Fatal error occurred, no output PDF file produced! --- failed re-building ‘custom_ocl_gpuR.Rnw’ --- re-building ‘gpuR.Rnw’ using knitr Error: processing vignette 'gpuR.Rnw' failed with diagnostics: Running 'texi2dvi' on 'gpuR.tex' failed. LaTeX errors: ! Undefined control sequence. l.147 \hlkwd{install.packages}\hldef {(}\hlsng{"gpuR"}\hldef{)} ? ! Emergency stop. ! Emergency stop. l.147 End of file on the terminal! ! ==> Fatal error occurred, no output PDF file produced! --- failed re-building ‘gpuR.Rnw’ SUMMARY: processing the following files failed: ‘custom_ocl_gpuR.Rnw’ ‘gpuR.Rnw’ Error: Vignette re-building failed. Execution halted Flavor: r-release-macos-x86_64

Version: 2.0.6
Check: re-building of vignette outputs
Result: WARN Error(s) in re-building vignettes: --- re-building ‘custom_ocl_gpuR.Rnw’ using knitr Error: processing vignette 'custom_ocl_gpuR.Rnw' failed with diagnostics: Running 'texi2dvi' on 'custom_ocl_gpuR.tex' failed. LaTeX errors: ! Missing $ inserted. <inserted text> $ l.116 custom_ ocl_gpuR.R\end{kframe} ! Emergency stop. <inserted text> $ l.116 custom_ ocl_gpuR.R\end{kframe} ! ==> Fatal error occurred, no output PDF file produced! --- failed re-building ‘custom_ocl_gpuR.Rnw’ --- re-building ‘gpuR.Rnw’ using knitr --- finished re-building ‘gpuR.Rnw’ SUMMARY: processing the following file failed: ‘custom_ocl_gpuR.Rnw’ Error: Vignette re-building failed. Execution halted Flavors: r-oldrel-macos-arm64, r-oldrel-macos-x86_64