CRAN Package Check Results for Package graphql

Last updated on 2024-07-11 05:53:59 CEST.

Flavor Version Tinstall Tcheck Ttotal Status Flags
r-devel-linux-x86_64-debian-clang 1.5.1 42.32 29.32 71.64 NOTE
r-devel-linux-x86_64-debian-gcc 1.5.1 33.07 22.93 56.00 NOTE
r-devel-linux-x86_64-fedora-clang 1.5.1 116.34 NOTE
r-devel-linux-x86_64-fedora-gcc 1.5.1 115.00 NOTE
r-devel-windows-x86_64 1.5.1 39.00 63.00 102.00 NOTE
r-patched-linux-x86_64 1.5.1 43.79 28.68 72.47 NOTE
r-release-linux-x86_64 1.5.1 40.79 28.36 69.15 NOTE
r-release-macos-arm64 1.5.1 28.00 NOTE
r-release-macos-x86_64 1.5.1 32.00 NOTE
r-release-windows-x86_64 1.5.1 37.00 65.00 102.00 NOTE
r-oldrel-macos-arm64 1.5.1 30.00 NOTE
r-oldrel-macos-x86_64 1.5.1 49.00 NOTE
r-oldrel-windows-x86_64 1.5.1 37.00 72.00 109.00 NOTE

Check Details

Version: 1.5.1
Check: C++ specification
Result: NOTE Specified C++11: please drop specification unless essential Flavors: r-devel-linux-x86_64-debian-clang, r-devel-linux-x86_64-debian-gcc, r-devel-linux-x86_64-fedora-clang, r-devel-linux-x86_64-fedora-gcc, r-devel-windows-x86_64, r-patched-linux-x86_64, r-release-linux-x86_64, r-release-macos-arm64, r-release-macos-x86_64, r-release-windows-x86_64, r-oldrel-macos-arm64, r-oldrel-macos-x86_64, r-oldrel-windows-x86_64