CRAN Package Check Results for Package grove

Last updated on 2024-07-20 06:49:21 CEST.

Flavor Version Tinstall Tcheck Ttotal Status Flags
r-devel-linux-x86_64-debian-clang 1.1.1 54.69 38.04 92.73 OK
r-devel-linux-x86_64-debian-gcc 1.1.1 33.93 28.60 62.53 OK
r-devel-linux-x86_64-fedora-clang 1.1.1 161.21 NOTE
r-devel-linux-x86_64-fedora-gcc 1.1.1 159.39 NOTE
r-devel-windows-x86_64 1.1.1 46.00 68.00 114.00 OK
r-patched-linux-x86_64 1.1.1 59.81 36.12 95.93 OK
r-release-linux-x86_64 1.1.1 57.78 36.94 94.72 OK
r-release-macos-arm64 1.1.1 34.00 OK
r-release-macos-x86_64 1.1.1 40.00 OK
r-release-windows-x86_64 1.1.1 56.00 68.00 124.00 OK
r-oldrel-macos-arm64 1.1.1 43.00 OK
r-oldrel-macos-x86_64 1.1.1 72.00 OK
r-oldrel-windows-x86_64 1.1.1 69.00 79.00 148.00 OK

Check Details

Version: 1.1.1
Check: compiled code
Result: NOTE File ‘grove/libs/grove.so’: Found no calls to: ‘R_registerRoutines’, ‘R_useDynamicSymbols’ It is good practice to register native routines and to disable symbol search. See ‘Writing portable packages’ in the ‘Writing R Extensions’ manual. Flavors: r-devel-linux-x86_64-fedora-clang, r-devel-linux-x86_64-fedora-gcc