CRAN Package Check Results for Package growthcleanr

Last updated on 2024-07-14 05:53:32 CEST.

Flavor Version Tinstall Tcheck Ttotal Status Flags
r-devel-linux-x86_64-debian-clang 2.2.0 19.39 102.55 121.94 OK
r-devel-linux-x86_64-debian-gcc 2.2.0 16.45 74.56 91.01 OK
r-devel-linux-x86_64-fedora-clang 2.2.0 155.16 NOTE
r-devel-linux-x86_64-fedora-gcc 2.2.0 140.95 OK
r-devel-windows-x86_64 2.2.0 16.00 94.00 110.00 NOTE
r-patched-linux-x86_64 2.2.0 12.90 97.96 110.86 OK
r-release-linux-x86_64 2.2.0 11.57 98.22 109.79 OK
r-release-macos-arm64 2.2.0 41.00 NOTE
r-release-macos-x86_64 2.2.0 78.00 NOTE
r-release-windows-x86_64 2.2.0 15.00 94.00 109.00 NOTE
r-oldrel-macos-arm64 2.2.0 52.00 NOTE
r-oldrel-macos-x86_64 2.2.0 95.00 NOTE
r-oldrel-windows-x86_64 2.2.0 21.00 109.00 130.00 NOTE

Check Details

Version: 2.2.0
Check: installed package size
Result: NOTE installed size is 5.9Mb sub-directories of 1Mb or more: extdata 5.0Mb Flavors: r-devel-linux-x86_64-fedora-clang, r-devel-windows-x86_64, r-release-macos-arm64, r-release-macos-x86_64, r-release-windows-x86_64, r-oldrel-macos-arm64, r-oldrel-macos-x86_64, r-oldrel-windows-x86_64