CRAN Package Check Results for Package gtrendsR

Last updated on 2024-06-15 06:49:47 CEST.

Flavor Version Tinstall Tcheck Ttotal Status Flags
r-devel-linux-x86_64-debian-clang 1.5.1 7.47 56.67 64.14 OK
r-devel-linux-x86_64-debian-gcc 1.5.1 5.93 42.84 48.77 OK
r-devel-linux-x86_64-fedora-clang 1.5.1 80.09 NOTE
r-devel-linux-x86_64-fedora-gcc 1.5.1 75.94 NOTE
r-devel-windows-x86_64 1.5.1 9.00 60.00 69.00 OK
r-patched-linux-x86_64 1.5.1 6.44 54.48 60.92 OK
r-release-linux-x86_64 1.5.1 6.81 52.54 59.35 OK
r-release-macos-arm64 1.5.1 29.00 OK
r-release-macos-x86_64 1.5.1 40.00 OK
r-release-windows-x86_64 1.5.1 10.00 65.00 75.00 OK
r-oldrel-macos-arm64 1.5.1 30.00 OK
r-oldrel-macos-x86_64 1.5.1 43.00 OK
r-oldrel-windows-x86_64 1.5.1 11.00 69.00 80.00 OK

Check Details

Version: 1.5.1
Check: data for non-ASCII characters
Result: NOTE Note: found 269 marked UTF-8 strings Flavors: r-devel-linux-x86_64-fedora-clang, r-devel-linux-x86_64-fedora-gcc