CRAN Package Check Results for Package gwasforest

Last updated on 2024-07-20 06:49:21 CEST.

Flavor Version Tinstall Tcheck Ttotal Status Flags
r-devel-linux-x86_64-debian-clang 1.0.0 2.62 25.21 27.83 NOTE
r-devel-linux-x86_64-debian-gcc 1.0.0 1.82 19.05 20.87 NOTE
r-devel-linux-x86_64-fedora-clang 1.0.0 34.54 NOTE
r-devel-linux-x86_64-fedora-gcc 1.0.0 31.99 NOTE
r-devel-windows-x86_64 1.0.0 5.00 39.00 44.00 NOTE
r-patched-linux-x86_64 1.0.0 2.53 23.73 26.26 NOTE
r-release-linux-x86_64 1.0.0 1.57 23.09 24.66 NOTE
r-release-macos-arm64 1.0.0 16.00 NOTE
r-release-macos-x86_64 1.0.0 25.00 NOTE
r-release-windows-x86_64 1.0.0 4.00 40.00 44.00 NOTE
r-oldrel-macos-arm64 1.0.0 18.00 NOTE
r-oldrel-macos-x86_64 1.0.0 21.00 NOTE
r-oldrel-windows-x86_64 1.0.0 4.00 42.00 46.00 NOTE

Check Details

Version: 1.0.0
Check: LazyData
Result: NOTE 'LazyData' is specified without a 'data' directory Flavors: r-devel-linux-x86_64-debian-clang, r-devel-linux-x86_64-debian-gcc, r-devel-linux-x86_64-fedora-clang, r-devel-linux-x86_64-fedora-gcc, r-devel-windows-x86_64, r-patched-linux-x86_64, r-release-linux-x86_64, r-release-macos-arm64, r-release-macos-x86_64, r-release-windows-x86_64, r-oldrel-macos-arm64, r-oldrel-macos-x86_64, r-oldrel-windows-x86_64