Last updated on 2025-04-24 06:50:47 CEST.
Flavor | Version | Tinstall | Tcheck | Ttotal | Status | Flags |
---|---|---|---|---|---|---|
r-devel-linux-x86_64-debian-clang | 1.2.3 | 47.93 | 173.98 | 221.91 | OK | |
r-devel-linux-x86_64-debian-gcc | 1.2.3 | 38.03 | 121.11 | 159.14 | OK | |
r-devel-linux-x86_64-fedora-clang | 1.2.3 | 383.17 | OK | |||
r-devel-linux-x86_64-fedora-gcc | 1.2.3 | 407.39 | OK | |||
r-devel-windows-x86_64 | 1.2.3 | 64.00 | 193.00 | 257.00 | OK | |
r-patched-linux-x86_64 | 1.2.3 | 53.99 | 164.13 | 218.12 | OK | |
r-release-linux-x86_64 | 1.2.3 | 52.90 | 157.01 | 209.91 | OK | |
r-release-macos-arm64 | 1.2.3 | 115.00 | OK | |||
r-release-macos-x86_64 | 1.2.3 | 188.00 | OK | |||
r-release-windows-x86_64 | 1.2.3 | 63.00 | 195.00 | 258.00 | OK | |
r-oldrel-macos-arm64 | 1.2.3 | 111.00 | NOTE | |||
r-oldrel-macos-x86_64 | 1.2.3 | 190.00 | NOTE | |||
r-oldrel-windows-x86_64 | 1.2.3 | 73.00 | 246.00 | 319.00 | NOTE |
Version: 1.2.3
Check: installed package size
Result: NOTE
installed size is 11.7Mb
sub-directories of 1Mb or more:
data 2.9Mb
doc 2.4Mb
libs 6.2Mb
Flavors: r-oldrel-macos-arm64, r-oldrel-macos-x86_64, r-oldrel-windows-x86_64