CRAN Package Check Results for Package here

Last updated on 2024-06-20 06:57:14 CEST.

Flavor Version Tinstall Tcheck Ttotal Status Flags
r-devel-linux-x86_64-debian-clang 1.0.1 2.10 35.73 37.83 NOTE
r-devel-linux-x86_64-debian-gcc 1.0.1 1.40 27.62 29.02 NOTE
r-devel-linux-x86_64-fedora-clang 1.0.1 48.72 NOTE
r-devel-linux-x86_64-fedora-gcc 1.0.1 59.33 NOTE
r-devel-windows-x86_64 1.0.1 5.00 51.00 56.00 NOTE
r-patched-linux-x86_64 1.0.1 2.46 34.90 37.36 NOTE
r-release-linux-x86_64 1.0.1 2.09 34.48 36.57 NOTE
r-release-macos-arm64 1.0.1 26.00 NOTE
r-release-macos-x86_64 1.0.1 40.00 NOTE
r-release-windows-x86_64 1.0.1 5.00 51.00 56.00 NOTE
r-oldrel-macos-arm64 1.0.1 26.00 NOTE
r-oldrel-macos-x86_64 1.0.1 37.00 NOTE
r-oldrel-windows-x86_64 1.0.1 3.00 53.00 56.00 NOTE

Check Details

Version: 1.0.1
Check: LazyData
Result: NOTE 'LazyData' is specified without a 'data' directory Flavors: r-devel-linux-x86_64-debian-clang, r-devel-linux-x86_64-debian-gcc, r-devel-linux-x86_64-fedora-clang, r-devel-linux-x86_64-fedora-gcc, r-devel-windows-x86_64, r-patched-linux-x86_64, r-release-linux-x86_64, r-release-macos-arm64, r-release-macos-x86_64, r-release-windows-x86_64, r-oldrel-macos-arm64, r-oldrel-macos-x86_64, r-oldrel-windows-x86_64