CRAN Package Check Results for Package heritability

Last updated on 2024-06-13 06:58:04 CEST.

Flavor Version Tinstall Tcheck Ttotal Status Flags
r-devel-linux-x86_64-debian-clang 1.4 4.24 36.48 40.72 NOTE
r-devel-linux-x86_64-debian-gcc 1.4 2.87 28.94 31.81 NOTE
r-devel-linux-x86_64-fedora-clang 1.4 50.62 NOTE
r-devel-linux-x86_64-fedora-gcc 1.4 50.90 NOTE
r-devel-windows-x86_64 1.4 3.00 51.00 54.00 NOTE
r-patched-linux-x86_64 1.4 4.05 37.19 41.24 NOTE
r-release-linux-x86_64 1.4 3.41 36.81 40.22 NOTE
r-release-macos-arm64 1.4 20.00 NOTE
r-release-macos-x86_64 1.4 29.00 NOTE
r-release-windows-x86_64 1.4 3.00 119.00 122.00 NOTE
r-oldrel-macos-arm64 1.4 23.00 OK
r-oldrel-macos-x86_64 1.4 46.00 OK
r-oldrel-windows-x86_64 1.4 5.00 56.00 61.00 OK

Check Details

Version: 1.4
Check: Rd files
Result: NOTE checkRd: (-1) marker_h2.Rd:92: Lost braces in \itemize; \value handles \item{}{} directly checkRd: (-1) marker_h2.Rd:93: Lost braces in \itemize; \value handles \item{}{} directly checkRd: (-1) marker_h2.Rd:94: Lost braces in \itemize; \value handles \item{}{} directly checkRd: (-1) marker_h2.Rd:95: Lost braces in \itemize; \value handles \item{}{} directly checkRd: (-1) marker_h2.Rd:96-97: Lost braces in \itemize; \value handles \item{}{} directly checkRd: (-1) marker_h2.Rd:98: Lost braces in \itemize; \value handles \item{}{} directly checkRd: (-1) marker_h2.Rd:99: Lost braces in \itemize; \value handles \item{}{} directly checkRd: (-1) marker_h2_means.Rd:94: Lost braces in \itemize; \value handles \item{}{} directly checkRd: (-1) marker_h2_means.Rd:95: Lost braces in \itemize; \value handles \item{}{} directly checkRd: (-1) marker_h2_means.Rd:96: Lost braces in \itemize; \value handles \item{}{} directly checkRd: (-1) marker_h2_means.Rd:97: Lost braces in \itemize; \value handles \item{}{} directly checkRd: (-1) marker_h2_means.Rd:98-99: Lost braces in \itemize; \value handles \item{}{} directly checkRd: (-1) marker_h2_means.Rd:100: Lost braces in \itemize; \value handles \item{}{} directly checkRd: (-1) marker_h2_means.Rd:101: Lost braces in \itemize; \value handles \item{}{} directly checkRd: (-1) marker_h2_means.Rd:102: Lost braces in \itemize; \value handles \item{}{} directly checkRd: (-1) repeatability.Rd:38: Lost braces in \itemize; \value handles \item{}{} directly checkRd: (-1) repeatability.Rd:39: Lost braces in \itemize; \value handles \item{}{} directly checkRd: (-1) repeatability.Rd:40: Lost braces in \itemize; \value handles \item{}{} directly checkRd: (-1) repeatability.Rd:41-43: Lost braces in \itemize; \value handles \item{}{} directly checkRd: (-1) repeatability.Rd:44: Lost braces in \itemize; \value handles \item{}{} directly checkRd: (-1) repeatability.Rd:45: Lost braces in \itemize; \value handles \item{}{} directly Flavors: r-devel-linux-x86_64-debian-clang, r-devel-linux-x86_64-debian-gcc, r-devel-linux-x86_64-fedora-clang, r-devel-linux-x86_64-fedora-gcc, r-devel-windows-x86_64, r-patched-linux-x86_64, r-release-linux-x86_64, r-release-macos-arm64, r-release-macos-x86_64, r-release-windows-x86_64