CRAN Package Check Results for Package hglm.data

Last updated on 2024-07-21 05:57:36 CEST.

Flavor Version Tinstall Tcheck Ttotal Status Flags
r-devel-linux-x86_64-debian-clang 1.0-1 6.66 41.03 47.69 NOTE
r-devel-linux-x86_64-debian-gcc 1.0-1 3.80 30.84 34.64 NOTE
r-devel-linux-x86_64-fedora-clang 1.0-1 56.85 NOTE
r-devel-linux-x86_64-fedora-gcc 1.0-1 54.70 NOTE
r-devel-windows-x86_64 1.0-1 7.00 51.00 58.00 NOTE
r-patched-linux-x86_64 1.0-1 5.72 37.89 43.61 NOTE
r-release-linux-x86_64 1.0-1 3.70 39.31 43.01 NOTE
r-release-macos-arm64 1.0-1 24.00 NOTE
r-release-macos-x86_64 1.0-1 32.00 NOTE
r-release-windows-x86_64 1.0-1 6.00 51.00 57.00 NOTE
r-oldrel-macos-arm64 1.0-1 23.00 NOTE
r-oldrel-macos-x86_64 1.0-1 44.00 NOTE
r-oldrel-windows-x86_64 1.0-1 7.00 57.00 64.00 NOTE

Check Details

Version: 1.0-1
Check: Rd files
Result: NOTE checkRd: (-1) ohio.Rd:104: Escaped LaTeX specials: \& checkRd: (-1) ohio.Rd:105: Escaped LaTeX specials: \& Flavors: r-devel-linux-x86_64-debian-clang, r-devel-linux-x86_64-debian-gcc, r-devel-linux-x86_64-fedora-clang, r-devel-linux-x86_64-fedora-gcc, r-devel-windows-x86_64, r-patched-linux-x86_64, r-release-linux-x86_64, r-release-macos-arm64, r-release-macos-x86_64, r-release-windows-x86_64, r-oldrel-macos-arm64, r-oldrel-macos-x86_64, r-oldrel-windows-x86_64