CRAN Package Check Results for Package hilbertSimilarity

Last updated on 2024-07-16 05:55:53 CEST.

Flavor Version Tinstall Tcheck Ttotal Status Flags
r-devel-linux-x86_64-debian-clang 0.4.3 20.64 150.79 171.43 NOTE
r-devel-linux-x86_64-debian-gcc 0.4.3 13.13 126.18 139.31 NOTE
r-devel-linux-x86_64-fedora-clang 0.4.3 236.98 NOTE
r-devel-linux-x86_64-fedora-gcc 0.4.3 288.93 NOTE
r-devel-windows-x86_64 0.4.3 15.00 233.00 248.00 NOTE
r-patched-linux-x86_64 0.4.3 14.81 159.21 174.02 NOTE
r-release-linux-x86_64 0.4.3 15.03 159.49 174.52 NOTE
r-release-macos-arm64 0.4.3 61.00 NOTE
r-release-macos-x86_64 0.4.3 94.00 NOTE
r-release-windows-x86_64 0.4.3 17.00 217.00 234.00 NOTE
r-oldrel-macos-arm64 0.4.3 68.00 NOTE
r-oldrel-macos-x86_64 0.4.3 121.00 NOTE
r-oldrel-windows-x86_64 0.4.3 18.00 225.00 243.00 NOTE

Check Details

Version: 0.4.3
Check: C++ specification
Result: NOTE Specified C++11: please drop specification unless essential Flavors: r-devel-linux-x86_64-debian-clang, r-devel-linux-x86_64-debian-gcc, r-devel-linux-x86_64-fedora-clang, r-devel-linux-x86_64-fedora-gcc, r-devel-windows-x86_64, r-patched-linux-x86_64, r-release-linux-x86_64, r-release-macos-arm64, r-release-macos-x86_64, r-release-windows-x86_64, r-oldrel-macos-arm64, r-oldrel-macos-x86_64, r-oldrel-windows-x86_64

Version: 0.4.3
Check: LazyData
Result: NOTE 'LazyData' is specified without a 'data' directory Flavors: r-devel-linux-x86_64-debian-clang, r-devel-linux-x86_64-debian-gcc, r-devel-linux-x86_64-fedora-clang, r-devel-linux-x86_64-fedora-gcc, r-devel-windows-x86_64, r-patched-linux-x86_64, r-release-linux-x86_64, r-release-macos-arm64, r-release-macos-x86_64, r-release-windows-x86_64, r-oldrel-macos-arm64, r-oldrel-macos-x86_64, r-oldrel-windows-x86_64