CRAN Package Check Results for Package htetree

Last updated on 2024-07-18 06:57:26 CEST.

Flavor Version Tinstall Tcheck Ttotal Status Flags
r-devel-linux-x86_64-debian-clang 0.1.18 20.69 64.74 85.43 OK
r-devel-linux-x86_64-debian-gcc 0.1.18 17.67 46.69 64.36 OK
r-devel-linux-x86_64-fedora-clang 0.1.18 106.19 OK
r-devel-linux-x86_64-fedora-gcc 0.1.18 105.57 OK
r-devel-windows-x86_64 0.1.18 43.00 71.00 114.00 NOTE
r-patched-linux-x86_64 0.1.18 26.85 60.65 87.50 OK
r-release-linux-x86_64 0.1.18 19.12 61.12 80.24 OK
r-release-macos-arm64 0.1.18 35.00 OK
r-release-macos-x86_64 0.1.18 46.00 OK
r-release-windows-x86_64 0.1.18 44.00 72.00 116.00 OK
r-oldrel-macos-arm64 0.1.18 39.00 OK
r-oldrel-macos-x86_64 0.1.18 80.00 OK
r-oldrel-windows-x86_64 0.1.18 48.00 78.00 126.00 OK

Check Details

Version: 0.1.18
Check: Rd cross-references
Result: NOTE Found the following Rd file(s) with Rd \link{} targets missing package anchors: causalForest.Rd: rpart.control, rpart.object, summary.rpart, rpart.plot causalTree.Rd: rpart.control, rpart.object, summary.rpart, rpart.plot causalTree.control.Rd: rpart.control honest.causalTree.Rd: rpart.control, rpart.object, summary.rpart, rpart.plot honest.est.causalTree.Rd: rpart.object honest.rparttree.Rd: rpart.control model.frame.causalTree.Rd: rpart, rpart.control Please provide package anchors for all Rd \link{} targets not in the package itself and the base packages. Flavor: r-devel-windows-x86_64