CRAN Package Check Results for Package httpRequest

Last updated on 2024-06-22 06:50:48 CEST.

Flavor Version Tinstall Tcheck Ttotal Status Flags
r-devel-linux-x86_64-debian-clang 0.0.11 2.19 20.94 23.13 NOTE
r-devel-linux-x86_64-debian-gcc 0.0.11 1.70 16.84 18.54 NOTE
r-devel-linux-x86_64-fedora-clang 0.0.11 29.30 NOTE
r-devel-linux-x86_64-fedora-gcc 0.0.11 28.00 NOTE
r-devel-windows-x86_64 0.0.11 2.00 35.00 37.00 NOTE
r-patched-linux-x86_64 0.0.11 2.10 20.55 22.65 NOTE
r-release-linux-x86_64 0.0.11 1.76 20.86 22.62 NOTE
r-release-macos-arm64 0.0.11 18.00 NOTE
r-release-macos-x86_64 0.0.11 27.00 NOTE
r-release-windows-x86_64 0.0.11 3.00 36.00 39.00 NOTE
r-oldrel-macos-arm64 0.0.11 19.00 NOTE
r-oldrel-macos-x86_64 0.0.11 19.00 NOTE
r-oldrel-windows-x86_64 0.0.11 5.00 36.00 41.00 NOTE

Check Details

Version: 0.0.11
Check: Rd files
Result: NOTE checkRd: (-1) simplePostToHost.Rd:14: Escaped LaTeX specials: \& Flavors: r-devel-linux-x86_64-debian-clang, r-devel-linux-x86_64-debian-gcc, r-devel-linux-x86_64-fedora-clang, r-devel-linux-x86_64-fedora-gcc, r-devel-windows-x86_64, r-patched-linux-x86_64, r-release-linux-x86_64, r-release-macos-arm64, r-release-macos-x86_64, r-release-windows-x86_64, r-oldrel-macos-arm64, r-oldrel-macos-x86_64, r-oldrel-windows-x86_64