CRAN Package Check Results for Package hybridModels

Last updated on 2024-07-16 05:55:53 CEST.

Flavor Version Tinstall Tcheck Ttotal Status Flags
r-devel-linux-x86_64-debian-clang 0.3.7 5.06 42.02 47.08 OK
r-devel-linux-x86_64-debian-gcc 0.3.7 4.01 31.77 35.78 OK
r-devel-linux-x86_64-fedora-clang 0.3.7 58.60 OK
r-devel-linux-x86_64-fedora-gcc 0.3.7 55.49 OK
r-devel-windows-x86_64 0.3.7 6.00 62.00 68.00 NOTE
r-patched-linux-x86_64 0.3.7 9.54 39.53 49.07 OK
r-release-linux-x86_64 0.3.7 3.10 40.45 43.55 OK
r-release-macos-arm64 0.3.7 24.00 OK
r-release-macos-x86_64 0.3.7 35.00 OK
r-release-windows-x86_64 0.3.7 6.00 62.00 68.00 OK
r-oldrel-macos-arm64 0.3.7 24.00 OK
r-oldrel-macos-x86_64 0.3.7 34.00 OK
r-oldrel-windows-x86_64 0.3.7 7.00 67.00 74.00 OK

Check Details

Version: 0.3.7
Check: Rd cross-references
Result: NOTE Found the following Rd file(s) with Rd \link{} targets missing package anchors: hybridModel.Rd: GillespieSSA simHM.Rd: GillespieSSA Please provide package anchors for all Rd \link{} targets not in the package itself and the base packages. Flavor: r-devel-windows-x86_64