CRAN Package Check Results for Package iemiscdata

Last updated on 2024-06-13 06:58:05 CEST.

Flavor Version Tinstall Tcheck Ttotal Status Flags
r-devel-linux-x86_64-debian-clang 1.0.2 6.91 103.39 110.30 OK
r-devel-linux-x86_64-debian-gcc 1.0.2 5.16 65.94 71.10 ERROR
r-devel-linux-x86_64-fedora-clang 1.0.2 148.53 NOTE
r-devel-linux-x86_64-fedora-gcc 1.0.2 155.67 NOTE
r-devel-windows-x86_64 1.0.2 8.00 184.00 192.00 OK
r-release-linux-x86_64 1.0.2 4.81 98.50 103.31 OK
r-release-macos-arm64 1.0.2 65.00 OK
r-release-macos-x86_64 1.0.2 168.00 OK
r-release-windows-x86_64 1.0.2 10.00 204.00 214.00 OK
r-oldrel-macos-arm64 1.0.2 76.00 OK
r-oldrel-macos-x86_64 1.0.2 146.00 OK
r-oldrel-windows-x86_64 1.0.2 8.00 184.00 192.00 OK

Check Details

Version: 1.0.2
Check: package dependencies
Result: NOTE Packages suggested but not available for checking: 'rvest', 'ggplot2', 'qdap', 'lubridate', 'snakecase', 'dplyr', 'kableExtra' Flavor: r-devel-linux-x86_64-debian-gcc

Version: 1.0.2
Check: re-building of vignette outputs
Result: ERROR Error(s) in re-building vignettes: ... --- re-building ‘East-Palestine-Ohio_Norfolk-Southern-Train-32N-Cargo_Chemical-Databases.Rmd’ using rmarkdown --- finished re-building ‘East-Palestine-Ohio_Norfolk-Southern-Train-32N-Cargo_Chemical-Databases.Rmd’ --- re-building ‘Tables_with_Notes.Rmd’ using rmarkdown --- finished re-building ‘Tables_with_Notes.Rmd’ --- re-building ‘US_Locations_Fukushima_Radiation_Sampled_2011.Rmd’ using rmarkdown Quitting from lines 23-60 [unnamed-chunk-1] (US_Locations_Fukushima_Radiation_Sampled_2011.Rmd) Error: processing vignette 'US_Locations_Fukushima_Radiation_Sampled_2011.Rmd' failed with diagnostics: could not find function "ggplot" --- failed re-building ‘US_Locations_Fukushima_Radiation_Sampled_2011.Rmd’ --- re-building ‘View-PDF-table.Rmd’ using rmarkdown --- finished re-building ‘View-PDF-table.Rmd’ SUMMARY: processing the following file failed: ‘US_Locations_Fukushima_Radiation_Sampled_2011.Rmd’ Error: Vignette re-building failed. Execution halted Flavor: r-devel-linux-x86_64-debian-gcc

Version: 1.0.2
Check: data for non-ASCII characters
Result: NOTE Note: found 366 marked UTF-8 strings Flavors: r-devel-linux-x86_64-fedora-clang, r-devel-linux-x86_64-fedora-gcc