CRAN Package Check Results for Package image.libfacedetection

Last updated on 2024-07-21 05:57:37 CEST.

Flavor Version Tinstall Tcheck Ttotal Status Flags
r-devel-linux-x86_64-debian-clang 0.1 38.37 36.89 75.26 NOTE
r-devel-linux-x86_64-debian-gcc 0.1 23.04 33.35 56.39 NOTE
r-devel-linux-x86_64-fedora-clang 0.1 144.82 NOTE
r-devel-linux-x86_64-fedora-gcc 0.1 131.14 NOTE
r-devel-windows-x86_64 0.1 29.00 72.00 101.00 NOTE
r-patched-linux-x86_64 0.1 40.13 41.00 81.13 NOTE
r-release-linux-x86_64 0.1 38.27 41.27 79.54 NOTE
r-release-macos-arm64 0.1 29.00 NOTE
r-release-macos-x86_64 0.1 40.00 NOTE
r-release-windows-x86_64 0.1 41.00 74.00 115.00 NOTE
r-oldrel-macos-arm64 0.1 36.00 NOTE
r-oldrel-macos-x86_64 0.1 56.00 NOTE
r-oldrel-windows-x86_64 0.1 43.00 79.00 122.00 NOTE

Check Details

Version: 0.1
Check: C++ specification
Result: NOTE Specified C++11: please drop specification unless essential Flavors: r-devel-linux-x86_64-debian-clang, r-devel-linux-x86_64-debian-gcc, r-devel-linux-x86_64-fedora-clang, r-devel-linux-x86_64-fedora-gcc, r-devel-windows-x86_64, r-patched-linux-x86_64, r-release-linux-x86_64, r-release-macos-arm64, r-release-macos-x86_64, r-release-windows-x86_64, r-oldrel-macos-arm64, r-oldrel-macos-x86_64, r-oldrel-windows-x86_64