CRAN Package Check Results for Package imputeTestbench

Last updated on 2024-06-15 06:49:48 CEST.

Flavor Version Tinstall Tcheck Ttotal Status Flags
r-devel-linux-x86_64-debian-clang 3.0.3 8.13 83.03 91.16 NOTE
r-devel-linux-x86_64-debian-gcc 3.0.3 6.70 61.03 67.73 NOTE
r-devel-linux-x86_64-fedora-clang 3.0.3 114.43 NOTE
r-devel-linux-x86_64-fedora-gcc 3.0.3 105.74 NOTE
r-devel-windows-x86_64 3.0.3 8.00 77.00 85.00 NOTE
r-patched-linux-x86_64 3.0.3 7.67 78.55 86.22 NOTE
r-release-linux-x86_64 3.0.3 6.88 79.74 86.62 NOTE
r-release-macos-arm64 3.0.3 33.00 NOTE
r-release-macos-x86_64 3.0.3 50.00 NOTE
r-release-windows-x86_64 3.0.3 9.00 78.00 87.00 NOTE
r-oldrel-macos-arm64 3.0.3 36.00 NOTE
r-oldrel-macos-x86_64 3.0.3 57.00 NOTE
r-oldrel-windows-x86_64 3.0.3 11.00 92.00 103.00 NOTE

Check Details

Version: 3.0.3
Check: LazyData
Result: NOTE 'LazyData' is specified without a 'data' directory Flavors: r-devel-linux-x86_64-debian-clang, r-devel-linux-x86_64-debian-gcc, r-devel-linux-x86_64-fedora-clang, r-devel-linux-x86_64-fedora-gcc, r-devel-windows-x86_64, r-patched-linux-x86_64, r-release-linux-x86_64, r-release-macos-arm64, r-release-macos-x86_64, r-release-windows-x86_64, r-oldrel-macos-arm64, r-oldrel-macos-x86_64, r-oldrel-windows-x86_64