CRAN Package Check Results for Package infoDecompuTE

Last updated on 2024-07-21 05:57:37 CEST.

Flavor Version Tinstall Tcheck Ttotal Status Flags
r-devel-linux-x86_64-debian-clang 0.6.2 5.42 40.82 46.24 NOTE
r-devel-linux-x86_64-debian-gcc 0.6.2 4.04 30.34 34.38 NOTE
r-devel-linux-x86_64-fedora-clang 0.6.2 58.71 NOTE
r-devel-linux-x86_64-fedora-gcc 0.6.2 52.96 NOTE
r-devel-windows-x86_64 0.6.2 6.00 54.00 60.00 NOTE
r-patched-linux-x86_64 0.6.2 5.79 39.10 44.89 NOTE
r-release-linux-x86_64 0.6.2 5.05 38.63 43.68 NOTE
r-release-macos-arm64 0.6.2 19.00 NOTE
r-release-macos-x86_64 0.6.2 28.00 NOTE
r-release-windows-x86_64 0.6.2 5.00 54.00 59.00 NOTE
r-oldrel-macos-arm64 0.6.2 21.00 NOTE
r-oldrel-macos-x86_64 0.6.2 32.00 NOTE
r-oldrel-windows-x86_64 0.6.2 4.00 57.00 61.00 NOTE

Check Details

Version: 0.6.2
Check: package subdirectories
Result: NOTE Problems with news in ‘NEWS.md’: No news entries found. Flavors: r-devel-linux-x86_64-debian-clang, r-devel-linux-x86_64-debian-gcc, r-devel-linux-x86_64-fedora-clang, r-devel-linux-x86_64-fedora-gcc, r-devel-windows-x86_64, r-patched-linux-x86_64, r-release-linux-x86_64, r-release-macos-arm64, r-release-macos-x86_64, r-release-windows-x86_64, r-oldrel-macos-arm64, r-oldrel-macos-x86_64, r-oldrel-windows-x86_64